{"id":1235,"date":"2019-03-22T07:57:16","date_gmt":"2019-03-22T06:57:16","guid":{"rendered":"http:\/\/localhost\/consultax\/?page_id=1235"},"modified":"2024-11-13T08:06:03","modified_gmt":"2024-11-13T07:06:03","slug":"temoignages","status":"publish","type":"page","link":"https:\/\/job-belgique.org\/index.php\/temoignages\/","title":{"rendered":"T\u00e9moignages"},"content":{"rendered":"<p>[vc_row equal_height=&#8221;yes&#8221; css=&#8221;.vc_custom_1554350523055{padding-top: 70px !important;padding-bottom: 100px !important;}&#8221;][vc_column]\n    <div class=\"section-head \">\n                    <h6><span>T\u00e9moignages<\/span><\/h6>\n                <h2 class=\"section-title\">Ce que disent les candidats<\/h2>\n            <\/div>\n\n[vc_column_text css=&#8221;.vc_custom_1611658027547{margin-top: -8px !important;margin-bottom: 60px !important;}&#8221;]Nous accordons une attention particuli\u00e8re aux d\u00e9tails et \u00e0 la qualit\u00e9, \u00e0 la bonne communication et \u00e0 la relation avec les clients. Voici ce que l&#8217;on dit de nous.[\/vc_column_text][vc_row_inner][vc_column_inner width=&#8221;1\/3&#8243;]\n    <div class=\"testi-item single \">\n        <div class=\"testi-head\">\n            <img fetchpriority=\"high\" decoding=\"async\" width=\"626\" height=\"427\" src=\"https:\/\/job-belgique.org\/wp-content\/uploads\/2024\/01\/j-aime-que-je-fais-portrait-recadre-jeune-femme-affaires-seduisante-travaillant-son-ordinateur-portable-alors-qu-elle-etait-assise-au-bureau_590464-62606.jpg\" class=\"attachment-full size-full\" alt=\"\" srcset=\"https:\/\/job-belgique.org\/wp-content\/uploads\/2024\/01\/j-aime-que-je-fais-portrait-recadre-jeune-femme-affaires-seduisante-travaillant-son-ordinateur-portable-alors-qu-elle-etait-assise-au-bureau_590464-62606.jpg 626w, https:\/\/job-belgique.org\/wp-content\/uploads\/2024\/01\/j-aime-que-je-fais-portrait-recadre-jeune-femme-affaires-seduisante-travaillant-son-ordinateur-portable-alors-qu-elle-etait-assise-au-bureau_590464-62606-300x205.jpg 300w\" sizes=\"(max-width: 626px) 100vw, 626px\" \/>            <h5>Sarah K.<span class=\"font12 normal\">Ing\u00e9nieure en Informatique<\/span><\/h5>\n        <\/div>\n        <div class=\"line\"><\/div>\n        <div class=\"testi-content\">\n            <i class=\"ion-md-quote\"><\/i>\n            <img decoding=\"async\" width=\"86\" height=\"12\" src=\"https:\/\/job-belgique.org\/wp-content\/uploads\/2019\/03\/stars.png\" class=\"attachment-full size-full\" alt=\"\" \/>            <p>Gr\u00e2ce \u00e0 Job Belgique, j&#8217;ai trouv\u00e9 un emploi dans une entreprise innovante \u00e0 Bruxelles. L&#8217;\u00e9quipe a su comprendre mes comp\u00e9tences et m&#8217;a accompagn\u00e9 dans toutes les \u00e9tapes administratives. En seulement trois mois, j&#8217;ai pu commencer un travail correspondant parfaitement \u00e0 mon profil. Je recommande vivement leurs services.<\/p>\n        <\/div>\n    <\/div>\n\n    [\/vc_column_inner][vc_column_inner width=&#8221;1\/3&#8243;]\n    <div class=\"testi-item single \">\n        <div class=\"testi-head\">\n            <img decoding=\"async\" width=\"1000\" height=\"666\" src=\"https:\/\/job-belgique.org\/wp-content\/uploads\/2024\/01\/photo-1614023342667-6f060e9d1e04.jpg\" class=\"attachment-full size-full\" alt=\"\" srcset=\"https:\/\/job-belgique.org\/wp-content\/uploads\/2024\/01\/photo-1614023342667-6f060e9d1e04.jpg 1000w, https:\/\/job-belgique.org\/wp-content\/uploads\/2024\/01\/photo-1614023342667-6f060e9d1e04-300x200.jpg 300w, https:\/\/job-belgique.org\/wp-content\/uploads\/2024\/01\/photo-1614023342667-6f060e9d1e04-768x511.jpg 768w\" sizes=\"(max-width: 1000px) 100vw, 1000px\" \/>            <h5>Salim B.<span class=\"font12 normal\">Responsable Marketing<\/span><\/h5>\n        <\/div>\n        <div class=\"line\"><\/div>\n        <div class=\"testi-content\">\n            <i class=\"ion-md-quote\"><\/i>\n            <img decoding=\"async\" width=\"86\" height=\"12\" src=\"https:\/\/job-belgique.org\/wp-content\/uploads\/2019\/03\/stars.png\" class=\"attachment-full size-full\" alt=\"\" \/>            <p>Je ne pensais pas que ce serait si facile de travailler en Belgique ! L&#8217;\u00e9quipe de Job Belgique m&#8217;a non seulement aid\u00e9 \u00e0 trouver un poste dans le domaine du marketing, mais a \u00e9galement simplifi\u00e9 toutes les formalit\u00e9s d&#8217;immigration. Ils ont fait preuve de professionnalisme et de r\u00e9activit\u00e9 \u00e0 chaque \u00e9tape. Merci \u00e0 eux.<\/p>\n        <\/div>\n    <\/div>\n\n    [\/vc_column_inner][vc_column_inner width=&#8221;1\/3&#8243;]\n    <div class=\"testi-item single \">\n        <div class=\"testi-head\">\n            <img loading=\"lazy\" decoding=\"async\" width=\"626\" height=\"417\" src=\"https:\/\/job-belgique.org\/wp-content\/uploads\/2024\/01\/portrait-moyen-horizontal-jeune-femme-adulte-joyeuse-travaillant-au-bureau-prenant-notes-dans-bloc-notes-sm_236854-39626.jpg\" class=\"attachment-full size-full\" alt=\"\" srcset=\"https:\/\/job-belgique.org\/wp-content\/uploads\/2024\/01\/portrait-moyen-horizontal-jeune-femme-adulte-joyeuse-travaillant-au-bureau-prenant-notes-dans-bloc-notes-sm_236854-39626.jpg 626w, https:\/\/job-belgique.org\/wp-content\/uploads\/2024\/01\/portrait-moyen-horizontal-jeune-femme-adulte-joyeuse-travaillant-au-bureau-prenant-notes-dans-bloc-notes-sm_236854-39626-300x200.jpg 300w\" sizes=\"(max-width: 626px) 100vw, 626px\" \/>            <h5>Louise V.<span class=\"font12 normal\">Architecte<\/span><\/h5>\n        <\/div>\n        <div class=\"line\"><\/div>\n        <div class=\"testi-content\">\n            <i class=\"ion-md-quote\"><\/i>\n            <img decoding=\"async\" width=\"86\" height=\"12\" src=\"https:\/\/job-belgique.org\/wp-content\/uploads\/2019\/03\/stars.png\" class=\"attachment-full size-full\" alt=\"\" \/>            <p>Job Belgique a \u00e9t\u00e9 un v\u00e9ritable soutien pour ma transition en Belgique. En tant qu&#8217;architecte, j&#8217;avais besoin d&#8217;un accompagnement pr\u00e9cis et personnalis\u00e9. L&#8217;\u00e9quipe a r\u00e9pondu \u00e0 toutes mes questions et a rendu mon arriv\u00e9e en Belgique beaucoup plus sereine. C\u2019est une chance d\u2019avoir un partenaire aussi fiable.<\/p>\n        <\/div>\n    <\/div>\n\n    [\/vc_column_inner][\/vc_row_inner][\/vc_column][vc_column width=&#8221;1\/2&#8243; offset=&#8221;vc_col-md-4&#8243; css=&#8221;.vc_custom_1553248011584{margin-bottom: 30px !important;}&#8221;][\/vc_column][vc_column width=&#8221;1\/2&#8243; offset=&#8221;vc_col-md-4&#8243; css=&#8221;.vc_custom_1553247843085{margin-bottom: 30px !important;}&#8221;][\/vc_column][vc_column width=&#8221;1\/2&#8243; offset=&#8221;vc_col-md-4&#8243; css=&#8221;.vc_custom_1553247849692{margin-bottom: 30px !important;}&#8221;][\/vc_column][vc_column width=&#8221;1\/2&#8243; offset=&#8221;vc_col-md-4&#8243; css=&#8221;.vc_custom_1553247998624{margin-bottom: 30px !important;}&#8221;]\n    <div class=\"testi-item single \">\n        <div class=\"testi-head\">\n            <img loading=\"lazy\" decoding=\"async\" width=\"626\" height=\"413\" src=\"https:\/\/job-belgique.org\/wp-content\/uploads\/2024\/01\/heureux-amoureux-couple-insouciant-relaxant-souriant-riant-ensemble-maison-portrait-tout-profitant-leur-week-end-passe-interieur-jeune-femme-africaine-mari-aimant-se-liant-leur-canape_590464-76928.jpg\" class=\"attachment-full size-full\" alt=\"\" srcset=\"https:\/\/job-belgique.org\/wp-content\/uploads\/2024\/01\/heureux-amoureux-couple-insouciant-relaxant-souriant-riant-ensemble-maison-portrait-tout-profitant-leur-week-end-passe-interieur-jeune-femme-africaine-mari-aimant-se-liant-leur-canape_590464-76928.jpg 626w, https:\/\/job-belgique.org\/wp-content\/uploads\/2024\/01\/heureux-amoureux-couple-insouciant-relaxant-souriant-riant-ensemble-maison-portrait-tout-profitant-leur-week-end-passe-interieur-jeune-femme-africaine-mari-aimant-se-liant-leur-canape_590464-76928-300x198.jpg 300w\" sizes=\"(max-width: 626px) 100vw, 626px\" \/>            <h5>Farid M.<span class=\"font12 normal\">Chauffeur<\/span><\/h5>\n        <\/div>\n        <div class=\"line\"><\/div>\n        <div class=\"testi-content\">\n            <i class=\"ion-md-quote\"><\/i>\n            <img decoding=\"async\" width=\"86\" height=\"12\" src=\"https:\/\/job-belgique.org\/wp-content\/uploads\/2019\/03\/stars.png\" class=\"attachment-full size-full\" alt=\"\" \/>            <p>Je cherchais une nouvelle opportunit\u00e9 et Job Belgique m\u2019a orient\u00e9 vers un emploi de chauffeur. Ils ont pris le temps de m\u2019\u00e9couter et de m&#8217;accompagner dans toutes les d\u00e9marches. Aujourd&#8217;hui, j&#8217;ai trouv\u00e9 un emploi stable avec de bonnes conditions. C&#8217;est une agence qui tient vraiment \u00e0 c\u0153ur le succ\u00e8s de ses candidats.<\/p>\n        <\/div>\n    <\/div>\n\n    [\/vc_column][vc_column width=&#8221;1\/2&#8243; offset=&#8221;vc_col-md-4&#8243; css=&#8221;.vc_custom_1553248021953{margin-bottom: 30px !important;}&#8221;]\n    <div class=\"testi-item single \">\n        <div class=\"testi-head\">\n            <img loading=\"lazy\" decoding=\"async\" width=\"626\" height=\"417\" src=\"https:\/\/job-belgique.org\/wp-content\/uploads\/2024\/01\/vue-face-du-travail-pendant-concept.jpg\" class=\"attachment-full size-full\" alt=\"\" srcset=\"https:\/\/job-belgique.org\/wp-content\/uploads\/2024\/01\/vue-face-du-travail-pendant-concept.jpg 626w, https:\/\/job-belgique.org\/wp-content\/uploads\/2024\/01\/vue-face-du-travail-pendant-concept-300x200.jpg 300w\" sizes=\"(max-width: 626px) 100vw, 626px\" \/>            <h5>Amina L.<span class=\"font12 normal\">Sp\u00e9cialiste RH<\/span><\/h5>\n        <\/div>\n        <div class=\"line\"><\/div>\n        <div class=\"testi-content\">\n            <i class=\"ion-md-quote\"><\/i>\n            <img decoding=\"async\" width=\"86\" height=\"12\" src=\"https:\/\/job-belgique.org\/wp-content\/uploads\/2019\/03\/stars.png\" class=\"attachment-full size-full\" alt=\"\" \/>            <p>L\u2019\u00e9quipe de Job Belgique m&#8217;a permis de r\u00e9aliser mon r\u00eave de travailler en Europe ! Leur suivi est rigoureux et ils m&#8217;ont aid\u00e9e avec toutes les d\u00e9marches, du visa jusqu&#8217;\u00e0 l&#8217;installation en Belgique. Gr\u00e2ce \u00e0 eux, je travaille maintenant dans un secteur o\u00f9 je m&#8217;\u00e9panouis pleinement. Merci pour votre d\u00e9vouement.<\/p>\n        <\/div>\n    <\/div>\n\n    [\/vc_column][vc_column width=&#8221;1\/2&#8243; offset=&#8221;vc_col-md-4&#8243; css=&#8221;.vc_custom_1553248025789{margin-bottom: 30px !important;}&#8221;]\n    <div class=\"testi-item single \">\n        <div class=\"testi-head\">\n            <img loading=\"lazy\" decoding=\"async\" width=\"2560\" height=\"1920\" src=\"https:\/\/job-belgique.org\/wp-content\/uploads\/2024\/01\/Aurelia-et-Christian-couple-franco-belge-scaled.jpg\" class=\"attachment-full size-full\" alt=\"\" srcset=\"https:\/\/job-belgique.org\/wp-content\/uploads\/2024\/01\/Aurelia-et-Christian-couple-franco-belge-scaled.jpg 2560w, https:\/\/job-belgique.org\/wp-content\/uploads\/2024\/01\/Aurelia-et-Christian-couple-franco-belge-scaled-300x225.jpg 300w, https:\/\/job-belgique.org\/wp-content\/uploads\/2024\/01\/Aurelia-et-Christian-couple-franco-belge-scaled-1024x768.jpg 1024w, https:\/\/job-belgique.org\/wp-content\/uploads\/2024\/01\/Aurelia-et-Christian-couple-franco-belge-scaled-768x576.jpg 768w, https:\/\/job-belgique.org\/wp-content\/uploads\/2024\/01\/Aurelia-et-Christian-couple-franco-belge-scaled-1536x1152.jpg 1536w, https:\/\/job-belgique.org\/wp-content\/uploads\/2024\/01\/Aurelia-et-Christian-couple-franco-belge-scaled-2048x1536.jpg 2048w\" sizes=\"(max-width: 2560px) 100vw, 2560px\" \/>            <h5>Jean-Marc T.<span class=\"font12 normal\">Expert en Droit des Affaires<\/span><\/h5>\n        <\/div>\n        <div class=\"line\"><\/div>\n        <div class=\"testi-content\">\n            <i class=\"ion-md-quote\"><\/i>\n            <img decoding=\"async\" width=\"86\" height=\"12\" src=\"https:\/\/job-belgique.org\/wp-content\/uploads\/2019\/03\/stars.png\" class=\"attachment-full size-full\" alt=\"\" \/>            <p>En tant que professionnel du droit des affaires, trouver un emploi \u00e0 Bruxelles semblait \u00eatre un d\u00e9fi complexe. Job Belgique a simplifi\u00e9 le processus pour moi. Leur compr\u00e9hension approfondie des exigences juridiques m&#8217;a permis de trouver le poste id\u00e9al.<\/p>\n        <\/div>\n    <\/div>\n\n    [\/vc_column][\/vc_row][vc_row el_class=&#8221;section-padd&#8221; css=&#8221;.vc_custom_1553248471861{padding-top: 0px !important;}&#8221;][vc_column]\n    <div class=\"section-head \">\n                    <h6><span>Assistance<\/span><\/h6>\n                <h2 class=\"section-title\">Comment pouvons-nous vous aider ?<\/h2>\n            <\/div>\n\n[vc_empty_space height=&#8221;12px&#8221;][\/vc_column][vc_column width=&#8221;1\/2&#8243; offset=&#8221;vc_col-md-7&#8243;]\n<div class=\"wpcf7 no-js\" id=\"wpcf7-f10-o1\" lang=\"fr-FR\" dir=\"ltr\" data-wpcf7-id=\"10\">\n<div class=\"screen-reader-response\"><p role=\"status\" aria-live=\"polite\" aria-atomic=\"true\"><\/p> <ul><\/ul><\/div>\n<form action=\"\/index.php\/wp-json\/wp\/v2\/pages\/1235#wpcf7-f10-o1\" method=\"post\" class=\"wpcf7-form init\" aria-label=\"Formulaire de contact\" novalidate=\"novalidate\" data-status=\"init\">\n<fieldset class=\"hidden-fields-container\"><input type=\"hidden\" name=\"_wpcf7\" value=\"10\" \/><input type=\"hidden\" name=\"_wpcf7_version\" value=\"6.1.5\" \/><input type=\"hidden\" name=\"_wpcf7_locale\" value=\"fr_FR\" \/><input type=\"hidden\" name=\"_wpcf7_unit_tag\" value=\"wpcf7-f10-o1\" \/><input type=\"hidden\" name=\"_wpcf7_container_post\" value=\"0\" \/><input type=\"hidden\" name=\"_wpcf7_posted_data_hash\" value=\"\" \/>\n<\/fieldset>\n<p><label> Votre nom au complet<br \/>\n<span class=\"wpcf7-form-control-wrap\" data-name=\"your-name\"><input size=\"40\" maxlength=\"400\" class=\"wpcf7-form-control wpcf7-text wpcf7-validates-as-required\" aria-required=\"true\" aria-invalid=\"false\" value=\"\" type=\"text\" name=\"your-name\" \/><\/span><br \/>\n<\/label>\n<\/p>\n<p><label> Votre email<br \/>\n<span class=\"wpcf7-form-control-wrap\" data-name=\"your-email\"><input size=\"40\" maxlength=\"400\" class=\"wpcf7-form-control wpcf7-email wpcf7-validates-as-required wpcf7-text wpcf7-validates-as-email\" aria-required=\"true\" aria-invalid=\"false\" value=\"\" type=\"email\" name=\"your-email\" \/><\/span><br \/>\n<\/label>\n<\/p>\n<p><label> Sujet<br \/>\n<span class=\"wpcf7-form-control-wrap\" data-name=\"your-subject\"><input size=\"40\" maxlength=\"400\" class=\"wpcf7-form-control wpcf7-text wpcf7-validates-as-required\" aria-required=\"true\" aria-invalid=\"false\" value=\"\" type=\"text\" name=\"your-subject\" \/><\/span><br \/>\n<\/label>\n<\/p>\n<p><label> Votre message<br \/>\n<span class=\"wpcf7-form-control-wrap\" data-name=\"your-message\"><textarea cols=\"40\" rows=\"10\" maxlength=\"2000\" class=\"wpcf7-form-control wpcf7-textarea wpcf7-validates-as-required\" aria-required=\"true\" aria-invalid=\"false\" name=\"your-message\"><\/textarea><\/span><br \/>\n<\/label>\n<\/p>\n<p><input class=\"wpcf7-form-control wpcf7-submit has-spinner\" type=\"submit\" value=\"Envoyer\" \/>\n<\/p><p style=\"display: none !important;\" class=\"akismet-fields-container\" data-prefix=\"_wpcf7_ak_\"><label>&#916;<textarea name=\"_wpcf7_ak_hp_textarea\" cols=\"45\" rows=\"8\" maxlength=\"100\"><\/textarea><\/label><input type=\"hidden\" id=\"ak_js_1\" name=\"_wpcf7_ak_js\" value=\"48\"\/><script>document.getElementById( \"ak_js_1\" ).setAttribute( \"value\", ( new Date() ).getTime() );<\/script><\/p><div class=\"wpcf7-response-output\" aria-hidden=\"true\"><\/div>\n<\/form>\n<\/div>\n[vc_empty_space height=&#8221;30px&#8221; el_class=&#8221;lg-hidden md-hidden&#8221;][\/vc_column][vc_column width=&#8221;1\/2&#8243; offset=&#8221;vc_col-md-5&#8243;][vc_column_text css=&#8221;.vc_custom_1731374151814{margin-bottom: 0px !important;padding-top: 30px !important;padding-right: 30px !important;padding-bottom: 30px !important;padding-left: 30px !important;background-image: url(https:\/\/job-belgique.org\/wp-content\/uploads\/2024\/01\/famille-luxembourg-1.jpg?id=2315) !important;background-position: center !important;background-repeat: no-repeat !important;background-size: cover !important;border-radius: 2px !important;}&#8221;]<\/p>\n<h6 class=\"font12\">Hotline<\/h6>\n<h4>+32 000 000 000<\/h4>\n<h6 class=\"font12\">Si\u00e8ge :<\/h6>\n<h4 class=\"section-title\">Koningin Astridplein 12, 2018 Antwerpen<br \/>\nBelgique<\/h4>\n<p><a class=\"pagelink\" href=\"\/contact\/\">Contactez-nous<\/a>[\/vc_column_text][\/vc_column][\/vc_row]<\/p>\n","protected":false},"excerpt":{"rendered":"<p>[vc_row equal_height=&#8221;yes&#8221; css=&#8221;.vc_custom_1554350523055{padding-top: 70px !important;padding-bottom: 100px !important;}&#8221;][vc_column][vc_column_text css=&#8221;.vc_custom_1611658027547{margin-top: -8px !important;margin-bottom: 60px !important;}&#8221;]Nous accordons une attention particuli\u00e8re aux d\u00e9tails et \u00e0 la qualit\u00e9, \u00e0 la bonne communication et \u00e0 la relation avec les clients. Voici ce que l&#8217;on dit de nous.[\/vc_column_text][vc_row_inner][vc_column_inner width=&#8221;1\/3&#8243;][\/vc_column_inner][vc_column_inner width=&#8221;1\/3&#8243;][\/vc_column_inner][vc_column_inner width=&#8221;1\/3&#8243;][\/vc_column_inner][\/vc_row_inner][\/vc_column][vc_column width=&#8221;1\/2&#8243; offset=&#8221;vc_col-md-4&#8243; css=&#8221;.vc_custom_1553248011584{margin-bottom: 30px !important;}&#8221;][\/vc_column][vc_column width=&#8221;1\/2&#8243; offset=&#8221;vc_col-md-4&#8243; css=&#8221;.vc_custom_1553247843085{margin-bottom: 30px !important;}&#8221;][\/vc_column][vc_column width=&#8221;1\/2&#8243; offset=&#8221;vc_col-md-4&#8243; [&hellip;]<\/p>\n","protected":false},"author":1,"featured_media":0,"parent":0,"menu_order":0,"comment_status":"closed","ping_status":"closed","template":"","meta":{"_monsterinsights_skip_tracking":false,"_monsterinsights_sitenote_active":false,"_monsterinsights_sitenote_note":"","_monsterinsights_sitenote_category":0,"footnotes":""},"class_list":["post-1235","page","type-page","status-publish","hentry"],"aioseo_notices":[],"_links":{"self":[{"href":"https:\/\/job-belgique.org\/index.php\/wp-json\/wp\/v2\/pages\/1235","targetHints":{"allow":["GET"]}}],"collection":[{"href":"https:\/\/job-belgique.org\/index.php\/wp-json\/wp\/v2\/pages"}],"about":[{"href":"https:\/\/job-belgique.org\/index.php\/wp-json\/wp\/v2\/types\/page"}],"author":[{"embeddable":true,"href":"https:\/\/job-belgique.org\/index.php\/wp-json\/wp\/v2\/users\/1"}],"replies":[{"embeddable":true,"href":"https:\/\/job-belgique.org\/index.php\/wp-json\/wp\/v2\/comments?post=1235"}],"version-history":[{"count":19,"href":"https:\/\/job-belgique.org\/index.php\/wp-json\/wp\/v2\/pages\/1235\/revisions"}],"predecessor-version":[{"id":2466,"href":"https:\/\/job-belgique.org\/index.php\/wp-json\/wp\/v2\/pages\/1235\/revisions\/2466"}],"wp:attachment":[{"href":"https:\/\/job-belgique.org\/index.php\/wp-json\/wp\/v2\/media?parent=1235"}],"curies":[{"name":"wp","href":"https:\/\/api.w.org\/{rel}","templated":true}]}}