{"id":1327,"date":"2019-03-25T10:07:12","date_gmt":"2019-03-25T09:07:12","guid":{"rendered":"http:\/\/localhost\/consultax\/?page_id=1327"},"modified":"2024-11-14T22:23:05","modified_gmt":"2024-11-14T21:23:05","slug":"procedures","status":"publish","type":"page","link":"https:\/\/job-belgique.org\/index.php\/procedures\/","title":{"rendered":"Proc\u00e9dures"},"content":{"rendered":"<p>[vc_row css=&#8221;.vc_custom_1611750935920{background-color: #ffffff !important;}&#8221;][vc_column][vc_empty_space]\n    <div class=\"section-head \">\n                <h2 class=\"section-title\">Proc\u00e9dure pour travailler en Belgique<\/h2>\n            <\/div>\n\n[vc_column_text]La Belgique offre de nombreuses opportunit\u00e9s professionnelles pour les travailleurs \u00e9trangers qualifi\u00e9s. R\u00e9cemment, les d\u00e9marches administratives pour les non-ressortissants de l\u2019UE ont \u00e9t\u00e9 simplifi\u00e9es, afin de faciliter leur int\u00e9gration sur le march\u00e9 du travail belge, surtout dans des secteurs o\u00f9 la main-d&#8217;\u0153uvre qualifi\u00e9e est en forte demande.<\/p>\n<h4><strong>Qui peut travailler en Belgique ?<\/strong><\/h4>\n<p>Les ressortissants de tous les pays peuvent travailler en Belgique, sous r\u00e9serve d&#8217;obtenir les autorisations n\u00e9cessaires. Que vous souhaitiez vous installer en Belgique ou travailler en tant que travailleur frontalier, plusieurs secteurs recherchent activement des comp\u00e9tences, notamment dans les domaines de la sant\u00e9, de l&#8217;informatique, de l&#8217;ing\u00e9nierie, des services financiers, et du b\u00e2timent.<\/p>\n<h4><strong>D\u00e9marches pour les ressortissants non-UE<\/strong><\/h4>\n<p>Les citoyens de pays tiers (hors de l&#8217;Union europ\u00e9enne) doivent g\u00e9n\u00e9ralement obtenir :<\/p>\n<ol>\n<li><strong>Une autorisation de s\u00e9jour<\/strong> (pour vivre en Belgique).<\/li>\n<li><strong>Un permis de travail<\/strong> (pour exercer une activit\u00e9 professionnelle).<\/li>\n<\/ol>\n<p>Les membres de la famille d&#8217;un ressortissant \u00e9tranger disposant d&#8217;une autorisation de s\u00e9jour peuvent \u00e9galement obtenir un acc\u00e8s au march\u00e9 de l\u2019emploi belge sous certaines conditions.<\/p>\n<h4><strong>\u00c9tapes \u00e0 suivre pour travailler en Belgique<\/strong><\/h4>\n<p><strong>1. Obtenir une autorisation de s\u00e9jour et de travail<\/strong><br \/>\nLes ressortissants de pays tiers doivent demander une autorisation de travail aupr\u00e8s de la Direction des Migrations et des Affaires \u00c9trang\u00e8res du minist\u00e8re de l&#8217;Int\u00e9rieur. Cette demande peut \u00eatre introduite par voie manuscrite ou \u00e9lectronique via les services de Job Belgique. Le d\u00e9lai de r\u00e9ponse est en g\u00e9n\u00e9ral de trois mois.<\/p>\n<p><strong>2. D\u00e9clarer sa pr\u00e9sence<\/strong><br \/>\n\u00c0 l&#8217;arriv\u00e9e, il est essentiel de d\u00e9clarer sa pr\u00e9sence aupr\u00e8s de l&#8217;administration communale de la ville ou de la commune de r\u00e9sidence. Cette d\u00e9claration officielle est indispensable pour pouvoir s\u2019inscrire \u00e0 la s\u00e9curit\u00e9 sociale et b\u00e9n\u00e9ficier des services publics belges.<\/p>\n<p><strong>3. Demande de permis de travail pour les secteurs en p\u00e9nurie<\/strong><br \/>\nCertains secteurs belges \u00e9tant en forte demande de main-d&#8217;\u0153uvre, les d\u00e9lais d\u2019obtention des permis de travail peuvent \u00eatre raccourcis pour ces m\u00e9tiers. Dans le cas des secteurs identifi\u00e9s comme \u201cen p\u00e9nurie\u201d, les employeurs ne sont pas oblig\u00e9s de d\u00e9montrer qu\u2019il n\u2019existe pas de candidat local disponible pour le poste.<\/p>\n<p><strong>4. S\u00e9curit\u00e9 sociale et services de protection<\/strong><br \/>\nLes travailleurs \u00e9trangers b\u00e9n\u00e9ficient des m\u00eames droits \u00e0 la s\u00e9curit\u00e9 sociale que les citoyens belges, incluant les prestations li\u00e9es aux accidents du travail, au ch\u00f4mage, aux allocations familiales, et \u00e0 la retraite.<\/p>\n<p>Job Belgique peut \u00e9galement aider \u00e0 simplifier l&#8217;enregistrement aupr\u00e8s des organismes de s\u00e9curit\u00e9 sociale et de l\u2019administration fiscale, en fonction de votre contrat de travail.<\/p>\n<h4><strong>Validit\u00e9 et renouvellement de l\u2019autorisation de travail<\/strong><\/h4>\n<ul>\n<li><strong>Premi\u00e8re autorisation<\/strong> : La premi\u00e8re autorisation est valable pour un an maximum et est li\u00e9e \u00e0 un secteur sp\u00e9cifique.<\/li>\n<li><strong>Renouvellements<\/strong> : Apr\u00e8s la premi\u00e8re ann\u00e9e, l&#8217;autorisation de travail peut \u00eatre renouvel\u00e9e pour une dur\u00e9e allant jusqu&#8217;\u00e0 trois ans et donnera acc\u00e8s \u00e0 plusieurs secteurs.<\/li>\n<\/ul>\n<h4><strong>\u00c0 savoir !<\/strong><\/h4>\n<p>La Belgique est un pays multiculturel accueillant des travailleurs de plus de 170 nationalit\u00e9s. Environ 70% de la main-d\u2019\u0153uvre dans certaines r\u00e9gions frontali\u00e8res est compos\u00e9e de travailleurs \u00e9trangers.<\/p>\n<p>Si vous souhaitez lancer votre parcours professionnel en Belgique, Job Belgique est \u00e0 vos c\u00f4t\u00e9s pour vous guider dans chaque \u00e9tape, depuis la constitution de votre dossier jusqu\u2019\u00e0 l\u2019int\u00e9gration dans votre nouvel emploi.[\/vc_column_text][vc_empty_space height=&#8221;52px&#8221;][vc_row_inner css=&#8221;.vc_custom_1611750977286{background-color: #ffffff !important;}&#8221;][vc_column_inner]\n    <div class=\"section-head \">\n                <h2 class=\"section-title\">Proc\u00e9dure de candidature pour un emploi<\/h2>\n            <\/div>\n\n[\/vc_column_inner][\/vc_row_inner][\/vc_column][\/vc_row][vc_row css=&#8221;.vc_custom_1611750992834{background-color: #ffffff !important;}&#8221;][vc_column width=&#8221;1\/2&#8243;][vc_column_text]<strong>Pour b\u00e9n\u00e9ficier des offres d\u2019emploi<\/strong>, il faut :<\/p>\n<ol>\n<li>\u00eatre \u00e2g\u00e9 de 18 \u00e0 65 ans,<\/li>\n<li>\u00eatre de bonne moralit\u00e9,<\/li>\n<li>\u00eatre disponible \u00e0 voyager,<\/li>\n<li>avoir une ma\u00eetrise de l\u00b4outil informatique,<\/li>\n<li>avoir bien parler le Fran\u00e7ais si possible l\u00b4Anglais,<\/li>\n<li>\u00eatre titulaire d&#8217;un BEPC au moins ou tout autre dipl\u00f4me professionnel<\/li>\n<\/ol>\n<p><strong>Vous devez fournir les pi\u00e8ces ci-apr\u00e8s:<\/strong><\/p>\n<ol>\n<li>un Curriculum Vitae (CV) bien d\u00e9taill\u00e9,<\/li>\n<li>une photo d&#8217;identit\u00e9,<\/li>\n<li>copie de votre Carte d&#8217;Identit\u00e9 Nationale ou Passeport,<\/li>\n<li><a href=\"https:\/\/job-belgique.org\/wp-content\/uploads\/2024\/11\/Formulaire-demande-emploi-Jobs-Belgique.pdf\" target=\"_blank\" rel=\"noopener\">formulaire d\u2019inscription<\/a> compl\u00e9t\u00e9 et sign\u00e9 par vos soins<\/li>\n<li>attestation ou dipl\u00f4me donnant acc\u00e8s \u00e0 l&#8217;emploi sollicit\u00e9,<\/li>\n<\/ol>\n<p>Le dossier de candidature d\u00fbment constitu\u00e9, doit \u00eatre envoy\u00e9 par e-mail \u00e0: <a href=\"mailto:dossiers@job-belgique.org\">dossiers@job-belgique.org<\/a>[\/vc_column_text][\/vc_column][vc_column width=&#8221;1\/2&#8243;][vc_single_image image=&#8221;2457&#8243; img_size=&#8221;large&#8221;][\/vc_column][\/vc_row]<\/p>\n","protected":false},"excerpt":{"rendered":"<p>[vc_row css=&#8221;.vc_custom_1611750935920{background-color: #ffffff !important;}&#8221;][vc_column][vc_empty_space][vc_column_text]La Belgique offre de nombreuses opportunit\u00e9s professionnelles pour les travailleurs \u00e9trangers qualifi\u00e9s. R\u00e9cemment, les d\u00e9marches administratives pour les non-ressortissants de l\u2019UE ont \u00e9t\u00e9 simplifi\u00e9es, afin de faciliter leur int\u00e9gration sur le march\u00e9 du travail belge, surtout dans des secteurs o\u00f9 la main-d&#8217;\u0153uvre qualifi\u00e9e est en forte demande. Qui peut travailler en Belgique [&hellip;]<\/p>\n","protected":false},"author":1,"featured_media":0,"parent":0,"menu_order":0,"comment_status":"closed","ping_status":"closed","template":"","meta":{"_monsterinsights_skip_tracking":false,"_monsterinsights_sitenote_active":false,"_monsterinsights_sitenote_note":"","_monsterinsights_sitenote_category":0,"footnotes":""},"class_list":["post-1327","page","type-page","status-publish","hentry"],"aioseo_notices":[],"_links":{"self":[{"href":"https:\/\/job-belgique.org\/index.php\/wp-json\/wp\/v2\/pages\/1327","targetHints":{"allow":["GET"]}}],"collection":[{"href":"https:\/\/job-belgique.org\/index.php\/wp-json\/wp\/v2\/pages"}],"about":[{"href":"https:\/\/job-belgique.org\/index.php\/wp-json\/wp\/v2\/types\/page"}],"author":[{"embeddable":true,"href":"https:\/\/job-belgique.org\/index.php\/wp-json\/wp\/v2\/users\/1"}],"replies":[{"embeddable":true,"href":"https:\/\/job-belgique.org\/index.php\/wp-json\/wp\/v2\/comments?post=1327"}],"version-history":[{"count":29,"href":"https:\/\/job-belgique.org\/index.php\/wp-json\/wp\/v2\/pages\/1327\/revisions"}],"predecessor-version":[{"id":2493,"href":"https:\/\/job-belgique.org\/index.php\/wp-json\/wp\/v2\/pages\/1327\/revisions\/2493"}],"wp:attachment":[{"href":"https:\/\/job-belgique.org\/index.php\/wp-json\/wp\/v2\/media?parent=1327"}],"curies":[{"name":"wp","href":"https:\/\/api.w.org\/{rel}","templated":true}]}}