{"id":1353,"date":"2019-03-26T04:36:15","date_gmt":"2019-03-26T03:36:15","guid":{"rendered":"http:\/\/localhost\/consultax\/?page_id=1353"},"modified":"2024-11-14T22:23:52","modified_gmt":"2024-11-14T21:23:52","slug":"emplois-et-stages","status":"publish","type":"page","link":"https:\/\/job-belgique.org\/index.php\/emplois-et-stages\/","title":{"rendered":"Emplois et Stages"},"content":{"rendered":"<p>[vc_row css=&#8221;.vc_custom_1611736080420{background-color: #ffffff !important;}&#8221;][vc_column][vc_empty_space]\n    <div class=\"section-head \">\n                    <h6><span>Offres d'emploi<\/span><\/h6>\n                <h2 class=\"section-title\">Nos Services de Placement<\/h2>\n            <\/div>\n\n[vc_column_text]Bienvenue sur la page d\u00e9di\u00e9e aux opportunit\u00e9s professionnelles chez Job Belgique. Nous proposons une gamme diversifi\u00e9e de postes dans divers secteurs, offrant \u00e0 chacun la possibilit\u00e9 de d\u00e9velopper sa carri\u00e8re au c\u0153ur de l&#8217;Europe.[\/vc_column_text][\/vc_column][\/vc_row][vc_row css=&#8221;.vc_custom_1611736116325{background-color: #ffffff !important;}&#8221;][vc_column width=&#8221;1\/2&#8243;][vc_column_text]<strong>1. Audit et Comptabilit\u00e9<\/strong><br \/>\nNous aidons les professionnels du secteur financier \u00e0 int\u00e9grer des entreprises de premier plan en Belgique. Nos opportunit\u00e9s couvrent :<\/p>\n<ul>\n<li>Audit d\u2019entreprise<\/li>\n<li>Contr\u00f4le de gestion<\/li>\n<li>Expertise comptable<\/li>\n<\/ul>\n<p><strong>2. Ressources Humaines et Management de Qualit\u00e9<\/strong><br \/>\nPour ceux sp\u00e9cialis\u00e9s en gestion du personnel et en management, nous proposons des postes dans :<\/p>\n<ul>\n<li>Gestion des ressources humaines<\/li>\n<li>Connaissances dans les normes de qualit\u00e9<\/li>\n<li>Management de qualit\u00e9<\/li>\n<\/ul>\n<p><strong>3. Marketing et Communication<\/strong><br \/>\nNos partenaires recherchent des talents cr\u00e9atifs et strat\u00e9giques pour des postes en :<\/p>\n<ul>\n<li>Montage de projet marketing<\/li>\n<li>Communication et relations publiques<\/li>\n<li>T\u00e9l\u00e9communication<\/li>\n<\/ul>\n<p><strong>4. Logistique et Transport<\/strong><br \/>\nNous r\u00e9pondons aux besoins des entreprises en qu\u00eate de comp\u00e9tences en gestion de la cha\u00eene d&#8217;approvisionnement, incluant :<\/p>\n<ul>\n<li>Transport et logistique<\/li>\n<li>Chauffeur<\/li>\n<\/ul>\n<p><strong>5. Droit et Commerce International<\/strong><br \/>\nPour les experts en droit et commerce, nous offrons des opportunit\u00e9s en :<\/p>\n<ul>\n<li>Droit des affaires<\/li>\n<li>Commerce international<\/li>\n<li>Brevets et licences intellectuelles<\/li>\n<\/ul>\n<p><strong>6. H\u00f4tellerie, Restauration et Services<\/strong><br \/>\nLes m\u00e9tiers de l\u2019accueil et du service sont \u00e9galement au c\u0153ur de nos offres, avec des postes en :<\/p>\n<ul>\n<li>H\u00f4tellerie<\/li>\n<li>Restauration<\/li>\n<li>Services publics<\/li>\n<\/ul>\n<p><strong>7. Technologie et Informatique<\/strong><br \/>\nNous accompagnons les professionnels du num\u00e9rique avec des postes dans divers domaines :<\/p>\n<ul>\n<li>Ing\u00e9nierie<\/li>\n<li>Informatique<\/li>\n<\/ul>\n<p><strong>8. Agro-industrie et Agronomie<\/strong><br \/>\nPour ceux qui travaillent dans les secteurs de l\u2019agriculture et de la transformation des aliments, nos opportunit\u00e9s incluent :<\/p>\n<ul>\n<li>Agriculture<\/li>\n<li>Agro-industrie et transformation des aliments<\/li>\n<li>Agronomie<\/li>\n<\/ul>\n<p><strong>9. Autres Secteurs et Professions Techniques<\/strong><br \/>\nNous proposons \u00e9galement des opportunit\u00e9s dans divers autres secteurs, parmi lesquels :<\/p>\n<ul>\n<li>Plomberie<\/li>\n<li>Secr\u00e9tariat (bilingue, informatis\u00e9)<\/li>\n<li>M\u00e9decine<\/li>\n<li>V\u00eatements &amp; Mode<\/li>\n<li>G\u00e9om\u00e8tre topographe<\/li>\n<\/ul>\n<p>[\/vc_column_text][\/vc_column][vc_column width=&#8221;1\/2&#8243;][vc_single_image image=&#8221;2453&#8243; img_size=&#8221;full&#8221;][vc_column_text]<\/p>\n<h3><strong>Accompagnement Personnalis\u00e9<\/strong><\/h3>\n<p>Chez Job Belgique, nous croyons en un accompagnement de qualit\u00e9 pour chaque candidat. Nous analysons votre profil et vos comp\u00e9tences afin de vous connecter aux opportunit\u00e9s qui correspondent le mieux \u00e0 vos aspirations professionnelles. Nos conseillers vous guideront \u00e0 chaque \u00e9tape, depuis la pr\u00e9paration du dossier jusqu&#8217;\u00e0 la mise en relation avec les recruteurs.<\/p>\n<p><strong>Pr\u00eat \u00e0 d\u00e9buter votre nouvelle carri\u00e8re ?<\/strong><br \/>\nRejoignez Job Belgique et d\u00e9couvrez comment nous pouvons vous aider \u00e0 b\u00e2tir un avenir professionnel \u00e9panouissant au sein d\u2019entreprises belges dynamiques.[\/vc_column_text][\/vc_column][\/vc_row][vc_row][vc_column][vc_empty_space][vc_custom_heading text=&#8221;Pour b\u00e9n\u00e9ficier de ces offres, vous devez :&#8221; font_container=&#8221;tag:h3|text_align:left&#8221; google_fonts=&#8221;font_family:Anton%3Aregular|font_style:400%20regular%3A400%3Anormal&#8221;][vc_column_text]<\/p>\n<ol>\n<li>\u00eatre \u00e2g\u00e9 de 18 \u00e0 65 ans,<\/li>\n<li>\u00eatre de bonne moralit\u00e9,<\/li>\n<li>\u00eatre disponible \u00e0 voyager,<\/li>\n<li>avoir une ma\u00eetrise de l\u00b4outil informatique,<\/li>\n<li>avoir bien parler le Fran\u00e7ais si possible l\u00b4Anglais,<\/li>\n<li>\u00eatre titulaire d&#8217;un BEPC au moins ou tout autre dipl\u00f4me professionnel<\/li>\n<\/ol>\n<p>[\/vc_column_text][vc_empty_space][vc_custom_heading text=&#8221;Vous devez fournir les pi\u00e8ces ci apr\u00e8s :&#8221; font_container=&#8221;tag:h3|text_align:left&#8221; google_fonts=&#8221;font_family:Anton%3Aregular|font_style:400%20regular%3A400%3Anormal&#8221;][vc_column_text]<\/p>\n<ol>\n<li>un Curricullum Vitae (CV) bien d\u00e9taill\u00e9,<\/li>\n<li>une photo d&#8217;identit\u00e9,<\/li>\n<li>copie de votre Carte d&#8217;Identit\u00e9 Nationale ou Passeport,<\/li>\n<li>formulaire d\u2019inscription compl\u00e9t\u00e9 et sign\u00e9 par vos soins\u00a0<strong><em>(cliquer sur le bouton ci-dessous pour t\u00e9l\u00e9charger le formulaire)<\/em><\/strong><\/li>\n<li>attestation ou dipl\u00f4me donnant acc\u00e8s \u00e0 l&#8217;emploi sollicit\u00e9,<\/li>\n<\/ol>\n<p><strong>Le dossier de candidature d\u00fbment constitu\u00e9, doit \u00eatre envoy\u00e9 par e-mail \u00e0: dossiers@job-belgique.org<\/strong>[\/vc_column_text][\/vc_column][\/vc_row][vc_row][vc_column][vc_btn title=&#8221;T\u00e9l\u00e9charger le formulaire&#8221; link=&#8221;url:https%3A%2F%2Fjob-belgique.org%2Fwp-content%2Fuploads%2F2024%2F11%2FFormulaire-demande-emploi-Jobs-Belgique.pdf|target:_blank&#8221;][\/vc_column][\/vc_row]<\/p>\n","protected":false},"excerpt":{"rendered":"<p>[vc_row css=&#8221;.vc_custom_1611736080420{background-color: #ffffff !important;}&#8221;][vc_column][vc_empty_space][vc_column_text]Bienvenue sur la page d\u00e9di\u00e9e aux opportunit\u00e9s professionnelles chez Job Belgique. Nous proposons une gamme diversifi\u00e9e de postes dans divers secteurs, offrant \u00e0 chacun la possibilit\u00e9 de d\u00e9velopper sa carri\u00e8re au c\u0153ur de l&#8217;Europe.[\/vc_column_text][\/vc_column][\/vc_row][vc_row css=&#8221;.vc_custom_1611736116325{background-color: #ffffff !important;}&#8221;][vc_column width=&#8221;1\/2&#8243;][vc_column_text]1. Audit et Comptabilit\u00e9 Nous aidons les professionnels du secteur financier \u00e0 int\u00e9grer des entreprises [&hellip;]<\/p>\n","protected":false},"author":1,"featured_media":0,"parent":0,"menu_order":0,"comment_status":"closed","ping_status":"closed","template":"","meta":{"_monsterinsights_skip_tracking":false,"_monsterinsights_sitenote_active":false,"_monsterinsights_sitenote_note":"","_monsterinsights_sitenote_category":0,"footnotes":""},"class_list":["post-1353","page","type-page","status-publish","hentry"],"aioseo_notices":[],"_links":{"self":[{"href":"https:\/\/job-belgique.org\/index.php\/wp-json\/wp\/v2\/pages\/1353","targetHints":{"allow":["GET"]}}],"collection":[{"href":"https:\/\/job-belgique.org\/index.php\/wp-json\/wp\/v2\/pages"}],"about":[{"href":"https:\/\/job-belgique.org\/index.php\/wp-json\/wp\/v2\/types\/page"}],"author":[{"embeddable":true,"href":"https:\/\/job-belgique.org\/index.php\/wp-json\/wp\/v2\/users\/1"}],"replies":[{"embeddable":true,"href":"https:\/\/job-belgique.org\/index.php\/wp-json\/wp\/v2\/comments?post=1353"}],"version-history":[{"count":16,"href":"https:\/\/job-belgique.org\/index.php\/wp-json\/wp\/v2\/pages\/1353\/revisions"}],"predecessor-version":[{"id":2494,"href":"https:\/\/job-belgique.org\/index.php\/wp-json\/wp\/v2\/pages\/1353\/revisions\/2494"}],"wp:attachment":[{"href":"https:\/\/job-belgique.org\/index.php\/wp-json\/wp\/v2\/media?parent=1353"}],"curies":[{"name":"wp","href":"https:\/\/api.w.org\/{rel}","templated":true}]}}